What is the value of (-5 - 1) + 2 + 0 + 1?
-3
-6 + (0 - (5 + -9) - 5)
-7
Calculate (4 - (1 - 4)) + (0 - 5).
2
Evaluate -1 + -4 + 1 - (79 - 84).
1
(-7 - 0) + (-7 - -10) - 0
-4
Calculate (-1 - (0 + 0)) + -3.
-4
Evaluate 5 + -4 + 3 + -7.
-3
Evaluate (-8 + 1 - -11) + (0 - -2).
6
Calculate -6 + 6 - ((-7 - -7) + 3).
-3
What is 5 - 0 - 1 - (-20 + 28)?
-4
Evaluate 6 - ((8 - -1) + 7 + -8).
-2
10 + -9 + -10 + 0
-9
Calculate 2 + (3 + -4 - (-3 - 1)).
5
What is the value of -7 + 5 + -1 + (-2 - -6)?
1
What is 0 + -1 - (-4 - (6 + -16))?
-7
Calculate -1 + (-6 - (1 - 13)).
5
What is the value of (-12 - -7) + 1 + -4?
-8
Evaluate 5 - ((-1 - (0 + -4)) + -1).
3
What is (5 - 4) + 1 + -4 + 0?
-2
What is the value of 4 - (3 + -4) - (6 + -6)?
5
What is -38 + 34 + (8 - 1)?
3
What is the value of (-5 - 3) + (21 - 15)?
-2
(-13 - (-29 + 9)) + -1
6
Evaluate 6 - (-2 + 2 - -7).
-1
Evaluate -5 - -1 - ((5 - 10) + 3).
-2
What is the value of -13 + (-7 - (-11 - 2))?
-7
Calculate 6 + (-17 - -1) + (4 - 0).
-6
-1 + 7 + -4 + -7 + 3
-2
What is the value of 5 + (7 - 17 - 0)?
-5
What is the value of 7 - (-3 + 12 + -4)?
2
Evaluate 3 - (-6 - -12) - -5.
2
9 - (-5 - (-16 - -4))
2
What is the value of (5 - 2) + -1 + 1 + -3?
0
-17 + 22 + (3 + -3 - 1)
4
What is 2 + (2 - (4 + -2))?
2
-1 + -3 + -2 + (15 - 9)
0
-13 - (-8 + (5 - 5))
-5
What is (1 - -1) + 1 + 0?
3
What is 1 + 0 - 6 - (-50 + 49)?
-4
Calculate -6 + 1 + -15 + -19 + 35.
-4
What is the value of 8 + (4 + -1 - 6) - 8?
-3
What is (2 - 1) + 1 - 4?
-2
What is the value of 1 - ((-6 - -1) + (31 - 29))?
4
Evaluate -7 + 2 + 0 + 3 - -7.
5
What is the value of 0 + -35 + 46 + (1 - 6)?
6
2 + 24 + -21 - (4 - -1)
0
Evaluate 5 + (-5 - 2 - 3) - -7.
2
What is -1 + -4 - (-2 - -1 - 0)?
-4
1 - (3 - (-1 + -3 + 1))
-5
What is 2 - ((-4 - (-9 + 4)) + 0)?
1
Evaluate -4 + 0 + 2 + (0 - -5).
3
-12 + 6 + (8 - 8)
-6
Calculate 5 - (9 - 7) - 1.
2
What is -4 + 13 + -13 - (0 + -1)?
-3
Calculate 3 - (9 + -5) - (17 - 23).
5
-7 - (-8 + -1 - -3) - -5
4
4 - (11 + -13 + 3)
3
What is the value of (-7 - (-17 - 6)) + -8?
8
25 + -24 + 1 + -1
1
What is the value of 1 - (-1 + -7 + 7 - 4)?
6
(4 - (12 + -13)) + (-6 - 0)
-1
What is the value of (-10 - ((4 - 8) + 0)) + 6?
0
What is (11 - 5 - -3) + 2 + -2?
9
What is the value of 7 - (0 - 4 - -8)?
3
What is the value of 14 - (-18 + 9 + 16)?
7
Calculate -1 + 1 + 0 - (20 - 27).
7
What is the value of 8 - (-2 + -1 + -1 + 6)?
6
What is the value of -1 + (-5 - -2) + -1?
-5
(-13 - -5) + (4 - (-5 + 3))
-2
What is the value of -1 + (4 + -1 - 7)?
-5
What is -2 - -8 - (0 + 5)?
1
Calculate -2 - -2 - 4 - 1.
-5
What is the value of -4 + (-1 - (1 - 2)) + 0?
-4
What is the value of (-3 - -5) + -5 - (2 - 4)?
-1
What is -3 + (4 + -4 - -3)?
0
What is 0 - 0 - (2 + (-9 - -6))?
1
Evaluate -9 + 4 - -5 - (2 - 1).
-1
Evaluate 3 + -3 + 5 + (1 - 6).
0
4 - (1 + -7) - (34 - 28)
4
Calculate -5 + 3 + -1 + 4.
1
What is the value of 0 - -7 - -1 - 12?
-4
-3 + (4 - (-4 + 9))
-4
What is the value of (-7 - -2) + 20 - (0 - -6)?
9
(-4 - -2) + -1 + (-5 - -6)
-2
Calculate -1 + 8 + (0 - (2 - -2)).
3
Calculate -3 + 1 - (1 + -2) - -1.
0
6 - ((-15 - -13) + 14)
-6
What is the value of (9 - 13) + 7 + -2?
1
What is 4 - (-1 - (0 - 9))?
-4
What is the value of (-6 - 2) + 13 + -14 + 5?
-4
Calculate (3 - 1) + -4 - (5 - 7).
0
2 - (1 - -6) - -10 - 3
2
Evaluate 1 - (-10 - (-5 + 5) - -4).
7
What is 1 + -11 + -6 + 12?
-4
Calculate -1 + -2 + 6 + 2 + -2.
3
What is (6 - 1) + -21 + 19 - -3?
6
What is the value of 7 - 9 - (-2 + -1 + 0)?
1
2 - -9 - (9 - 4)
6
Evaluate -3 + (4 + -3 - -3) - -3.
4
Evaluate -1 - (-2 + (-6 - -3)).
4
Evaluate 7 - (5 + 0 + (-13 - -12)).
3
What is the value of (-7 - -13) + -11 - (-10 + 1)?
4
What is 4 - (3 + 0 + -2)?
3
0 + -2 + -2 + 3
-1
Calculate -1 + 3 + (-19 - -13 - -9).
5
What is the value of 9 + 53 + -60 + -1 + 5?
6
Calculate 1 - (-4 + 5 + -2).
2
What is (22 - 22) + -4 + -1 + 0?
-5
-4 - 1 - (-6 - -3)
-2
What is the value of -2 + 7 - (3 - (-2 - -4))?
4
What is the value of (-15 - -10 - (-2 + -2)) + 3?
2
What is 3 - 0 - (-11 - 11 - -18)?
7
What is (-8 - (6 - 3)) + 5 + 2?
-4
Evaluate 7 - (-1 + 3) - 9.
-4
(-12 + 16 - -2) + -1 + -4
1
4 - (10 + (0 - 4))
-2
What is -3 - (0 - (6 - 7)) - 4?
-8
Calculate -1 + 7 + (3 - 13).
-4
What is (0 - 5) + 10 - 2?
3
Evaluate 5 - (-1 + -6 - (-7 - -4)).
9
Calculate (0 + -6 - (-9 - -9)) + 7.
1
Calculate -3 - (1 + (2 - -1) - 6).
-1
-6 + 7 + 0 + 2 + -1
2
What is the value of -5 + (24 + -9 - 2)?
8
What is the value of 16 + -6 - (23 - 17)?
4
Evaluate (-3 - (-7 + 4)) + 3.
3
Calculate -3 + 7 + (-18 + 6 - -2).
-6
Calculate (0 - -1) + -8 - (69 + -82).
6
(-62 - -72) + -1 + -13
-4
What is the value of -7 - (-15 + 8) - 5?
-5
What is the value of 0 - (-3 + 4 + 0)?
-1
Evaluate -3 + 3 + -2 - (1 + -4).
1
Calculate -9 + (6 - (-3 + -1 - -4)).
-3
(-7 - -5) + -2 + 6
2
What is 2 + 0 + (-6 - (-6 - -3))?
-1
What is 4 - (5 - (-4 + 8))?
3
-9 + 22 + (-11 - 1)
1
Evaluate -3 - (-2 - (4 + -6)) - 3.
-6
Calculate 1 - (-2 + (2 - -3) + -3).
1
Evaluate (3 - 1) + -2 - (14 + -15).
1
-1 - (2 - 6) - (-7 - -6)
4
Evaluate 3 + (4 - 16) + 12.
3
Evaluate 1 + -4 + -9 + 26 + -21.
-7
What is the value of -17 - (-13 + 6 + -7)?
-3
Evaluate 3 - (4 + 1 + (-1 - 1)).
0
Evaluate (-4 - (7 - 5)) + 2.
-4
Evaluate -23 + 19 - (0 + -5).
1
Calculate -5 - (0 + -1 - (8 + -10)).
-6
Evaluate 0 + 5 - (-2 + 5 - 3).
5
Calculate -1 + -1 - (0 - 4).
2
Calculate -1 - (-1 + -3) - (1 + 5).
-3
Evaluate -2 - (3 - (-1 - -1)).
-5
What is the value of 8 + 3 + 0 - 5?
6
Calculate -1 - 1 - (0 + 4 + -8).
2
Calculate -1 - (6 - 12 - -7).
-2
-2 + (-2 + (-1 - -2) - 0)
-3
(8 - 2) + (4 - 12)
-2
Calculate (-5 - (-9 + 10)) + 10.
4
Calculate 8 + -4 - (0 - -1).
3
What is 8 - (-4 + (20 - (-3 + 4)))?
-7
What is -2 + (13 - 8) - 1?
2
Evaluate (56 - 41) + (1 - 15).
1
Evaluate (-5 - 2) + -3 + (-1 - -3).
-8
-4 + 2 + 0 + 4
2
What is the value of 2 - (-6 - -9 - (-2 - -1))?
-2
Evaluate -4 - -1 - (-9 + 10).
-4
(8 - 13) + -1 + 7
1
What is the value of 2 + (8 + -9 - 9)?
-8
Evaluate 1 + 9 + -7 + 3.
6
(7 - 2) + 0 + -9 + 8
4
What is 2 - (4 - (-3 - -6))?
1
Calculate 45 + -35 + (-6 - 0).
4
Calculate (6 + -5 - 8) + 8.
1
What is the value of 15 + (6 - 9) + -2?
10
0 - (-10 + 16) - (2 + -1)
-7
What is the value of -7 + 5 + -2 - -1 - -6?
3
Calculate 5 - 3 - (-7 + 11).
-2
What is the value of (-2 + 3 - 0) + -2?
-1
What is the value of -3 + -1 + 1 + -3 + 1?
-5
What is the value of (0 - 2) + -1 - -4 - -3?
4
What is -7 - -21 - 12 - (-1 - -2)?
1
What is the value of 2 + -5 + (9 - (1 + 4))?
1
Evaluate -7 + 1 + 2 - -3.
-1
What is the value of -3 + -2 - -2 - -1?
-2
Evaluate -4 + 4 + -3 + (-2 - -5).
0
Calculate -8 - (6 + -12 - -5).
-7
-2 - -1 - -3 - 3 - -1
0
What is the value of -5 - (-5 - (2 - (4 + -1)))?
-1
(7 - 18) + 8 + (2 - 1)
-2
What is the value of -7 + 0 + (29 - (17 - 4))?
9
What is the value of -18 + 8 - -10 - -1?
1
What is -7 - (-3 + (-1 - (2 + -2)))?
-3
Evaluate 3 + (-6 - (-10 - -6)).
1
What is 1 - (2 + 3 + 0 + -3)?
-1
Evaluate -3 - (2 + -3 + -1 + 4).
-5
Evaluate 1 + 6 + -72 + 64.
-1
Evaluate (3 - (5 + -6)) + -1.
3
(3 + -2 - -2) + (1 - 3)
1
What is the value of (-1 - 8) + 2 + 2?
-5
What is 2 - (4 + (1 - 8))?
5
What is the value of 0 + -1 - (-7 - -3 - 1)?
4
Calculate (50 + -49 - (-6 - -1)) + 2.
8
What is the value of 4 + (-4 - -6) - 2?
4
What is (17 - 4) + -1 + -4?
8
What is the value of (-3 - 5) + 1 + 14?
7
Evaluate 4 + -5 - -8 - 2.
5
Evaluate -4 + 1 + (1 - 3) - -8.
3
Evaluate -15 - -1 - -6 - -7.
-1
Evaluate 2 + (3 - 0 - 2).
3
What is the value of -51 + 42 + (9 - -1)?
1
Evaluate 1 + -10 + (30 - 29).
-8
3 + -3 - -4 - -1
5
Evaluate -8 - (-20 + 4) - 3.
5
Evaluate (3 - (2 + (-1 - -1))) + 4.
5
Evaluate 4 + (-2 - -5 - 4).
3
-4 + 2 + 3 + 1
2
-1 - (-7 + 4) - 4
-2
What is (2 - 0) + 4 - 2?
4
What is -3 + (4 - 4) + 7?
4
-14 + 3 - -7 - 0
-4
Evaluate (-2 + 2 - -3) + -7.
-4
What is 6 - (-10 + 5 - -8) - 4?
-1
-6 + 3 - (-1 - (1 + 1))
0
Evaluate 2 + -2 + 4 + -7 + 0.
-3
What is (2 - 13 - -3) + (-4 - -9)?
-3
Calculate -5 - (-6 + (-2 - -2)).
1
Calculate 2 - 2 - (-26 - -19) - 0.
7
What is the value of 4 - 4 - (-8 + (4 - 1))?
5
Evaluate 47 - 30 - (6 + 2 + 0).
9
What is 0 - (-2 - 0) - 4?
-2
Evaluate -18 + 10 + 2 - (-11 + 4).
1
What is the value of -3 - (1 + -7 + 2)?
1
-1 + -6 - (26 + -29)
-4
What is 2 + 4 + (-6 - 3)?
-3
What is 2 - -7 - (9 + (-29 - -19))?
10
Evaluate -9 -